onvert -2 (base 3) to base 16.
-2
Convert 1032 (base 5) to base 10.
142
Convert 10 (base 2) to base 12.
2
100 (base 8) to base 2
1000000
-40 (base 9) to base 11
-33
53 (base 9) to base 8
60
What is 13 (base 11) in base 10?
14
What is 2 (base 11) in base 4?
2
Convert 101021 (base 3) to base 4.
10111
Convert 53 (base 10) to base 12.
45
5 (base 15) to base 5
10
-2 (base 7) to base 4
-2
Convert 17 (base 8) to base 14.
11
1 (base 6) to base 5
1
-2 (base 15) to base 5
-2
-45 (base 7) to base 16
-21
-99 (base 14) to base 4
-2013
What is 87 (base 10) in base 6?
223
What is 1d (base 14) in base 15?
1c
What is 102 (base 3) in base 16?
b
-430 (base 5) to base 14
-83
-69 (base 16) to base 4
-1221
What is 2 (base 5) in base 8?
2
1b (base 12) to base 16
17
Convert -2 (base 3) to base 15.
-2
What is 61 (base 12) in base 7?
133
What is -1 (base 12) in base 11?
-1
What is 42 (base 13) in base 16?
36
What is -8 (base 13) in base 4?
-20
-2 (base 7) to base 13
-2
Convert -f7 (base 16) to base 11.
-205
What is 40 (base 10) in base 3?
1111
What is 3 (base 5) in base 15?
3
Convert 78 (base 10) to base 9.
86
What is -11 (base 4) in base 11?
-5
What is -1 (base 10) in base 14?
-1
Convert -103 (base 7) to base 6.
-124
What is 7 (base 10) in base 15?
7
What is -6 (base 15) in base 16?
-6
What is -53 (base 11) in base 8?
-72
-31 (base 6) to base 4
-103
Convert 43 (base 6) to base 10.
27
-58 (base 11) to base 16
-3f
What is 5 (base 16) in base 9?
5
-76 (base 8) to base 11
-57
What is 64 (base 7) in base 2?
101110
What is -3 (base 10) in base 7?
-3
Convert 2 (base 8) to base 9.
2
-43 (base 8) to base 6
-55
What is -2d (base 14) in base 2?
-101001
What is 11 (base 16) in base 12?
15
What is 245 (base 10) in base 2?
11110101
100 (base 5) to base 16
19
130 (base 5) to base 10
40
Convert -1011 (base 2) to base 7.
-14
-453 (base 7) to base 11
-1a3
What is 5 (base 12) in base 7?
5
Convert 2 (base 14) to base 11.
2
Convert 33 (base 5) to base 14.
14
What is -40 (base 10) in base 15?
-2a
Convert 76 (base 10) to base 14.
56
-6 (base 13) to base 4
-12
Convert -3 (base 5) to base 11.
-3
-4 (base 12) to base 2
-100
What is 64 (base 14) in base 13?
6a
Convert 6 (base 10) to base 8.
6
What is 1152 (base 6) in base 4?
10130
What is 1 (base 16) in base 14?
1
What is -133 (base 10) in base 7?
-250
What is 6 (base 11) in base 7?
6
Convert -3 (base 16) to base 8.
-3
Convert -2220 (base 4) to base 2.
-10101000
-2 (base 10) to base 15
-2
1 (base 16) to base 6
1
What is -c (base 13) in base 9?
-13
Convert -2 (base 10) to base 16.
-2
What is -52 (base 12) in base 2?
-111110
Convert -43 (base 14) to base 3.
-2012
Convert -37 (base 11) to base 9.
-44
Convert -1 (base 13) to base 11.
-1
What is -115 (base 8) in base 14?
-57
140 (base 9) to base 4
1311
Convert -23 (base 14) to base 13.
-25
What is 11 (base 14) in base 15?
10
Convert 23 (base 6) to base 14.
11
Convert -30 (base 15) to base 2.
-101101
What is 116 (base 8) in base 16?
4e
-11 (base 2) to base 10
-3
Convert 12 (base 4) to base 5.
11
Convert -197 (base 10) to base 7.
-401
-10 (base 4) to base 10
-4
What is -28 (base 10) in base 4?
-130
What is -101 (base 2) in base 6?
-5
21 (base 10) to base 2
10101
What is 34 (base 6) in base 3?
211
Convert 2 (base 10) to base 2.
10
-89 (base 10) to base 9
-108
What is 6 (base 16) in base 15?
6
Convert 15 (base 14) to base 2.
10011
What is 3 (base 12) in base 2?
11
14 (base 10) to base 12
12
Convert -13 (base 9) to base 6.
-20
1be (base 15) to base 5
3104
Convert 11 (base 2) to base 11.
3
-60 (base 13) to base 14
-58
Convert -10 (base 7) to base 6.
-11
Convert 4 (base 14) to base 7.
4
Convert -1010001 (base 2) to base 9.
-100
Convert 11002 (base 3) to base 10.
110
9 (base 14) to base 9
10
366 (base 10) to base 12
266
What is -45 (base 16) in base 4?
-1011
Convert 211 (base 3) to base 12.
1a
Convert -52 (base 14) to base 6.
-200
7 (base 11) to base 9
7
-6 (base 13) to base 15
-6
What is ca (base 14) in base 15?
bd
What is 105 (base 11) in base 15?
86
What is 9 (base 11) in base 3?
100
-3 (base 14) to base 13
-3
-23 (base 6) to base 4
-33
-11010 (base 2) to base 5
-101
Convert 4 (base 12) to base 8.
4
What is -28 (base 13) in base 9?
-37
-13 (base 11) to base 6
-22
8 (base 13) to base 16
8
Convert 10012 (base 3) to base 5.
321
What is 20 (base 13) in base 9?
28
Convert 1002 (base 3) to base 9.
32
Convert 14 (base 9) to base 15.
d
Convert -8 (base 16) to base 15.
-8
51 (base 6) to base 14
23
Convert 2 (base 16) to base 11.
2
-2 (base 7) to base 11
-2
3 (base 10) to base 8
3
What is 120 (base 5) in base 9?
38
0 (base 3) to base 6
0
-71 (base 15) to base 7
-211
-10 (base 11) to base 10
-11
542 (base 6) to base 5
1311
Convert -121 (base 3) to base 9.
-17
154 (base 6) to base 12
5a
What is -1 (base 13) in base 16?
-1
11 (base 3) to base 11
4
112 (base 6) to base 10
44
What is -8 (base 9) in base 11?
-8
5 (base 11) to base 13
5
What is 2010 (base 3) in base 5?
212
What is 102 (base 8) in base 4?
1002
What is -56 (base 9) in base 15?
-36
Convert -135 (base 6) to base 2.
-111011
What is 4 (base 8) in base 14?
4
What is c (base 15) in base 7?
15
Convert 3 (base 12) to base 13.
3
45 (base 8) to base 14
29
What is 10 (base 11) in base 4?
23
-1110100 (base 2) to base 6
-312
Convert -33 (base 8) to base 15.
-1c
What is 6 (base 8) in base 16?
6
-32 (base 14) to base 3
-1122
9 (base 10) to base 5
14
16 (base 9) to base 5
30
Convert 5 (base 7) to base 6.
5
55 (base 6) to base 10
35
-1003 (base 4) to base 2
-1000011
24 (base 14) to base 12
28
What is 101 (base 2) in base 13?
5
-24 (base 9) to base 5
-42
Convert 31 (base 4) to base 16.
d
Convert 11202 (base 3) to base 14.
92
What is -1 (base 6) in base 7?
-1
What is 13 (base 6) in base 2?
1001
-3 (base 7) to base 3
-10
What is -100011111 (base 2) in base 8?
-437
-2 (base 16) to base 7
-2
-151 (base 6) to base 13
-52
What is 11 (base 7) in base 11?
8
1010010 (base 2) to base 8
122
Convert 15 (base 11) to base 2.
10000
Convert 2 (base 12) to base 15.
2
What is 1 (base 9) in base 14?
1
-8 (base 9) to base 3
-22
Convert 12 (base 11) to base 10.
13
What is 1414 (base 5) in base 10?
234
Convert 2 (base 10) to base 3.
2
-2 (base 15) to base 9
-2
116 (base 10) to base 16
74
What is -271 (base 9) in base 11?
-196
Convert -121 (base 5) to base 8.
-44
1010 (base 2) to base 4
22
What is -14 (base 13) in base 11?
-16
Convert a (base 13) to base 9.
11
5 (base 14) to base 15
5
What is 2 (base 11) in base 3?
2
Convert -35 (base 13) to base 3.
-1122
Convert 3 (base 11) to base 9.
3
5 (base 6) to base 7
5
Convert 31 (base 5) to base 4.
100
Convert 7 (base 16) to base 3.
21
-4 (base 11) to base 9
-4
Convert -28 (base 12) to base 2.
-100000
What is 22 (base 7) in base 8?
20
-11 (base 14) to base 4
-33
What is -3 (base 10) in base 9?
-3
Convert 300 (base 6) to base 13.
84
What is -4 (base 15) in base 9?
-4
Convert 3 (base 4) to base 10.
3
What is -331 (base 4) in base 3?
-2021
-7 (base 16) to base 14
-7
1 (base 13) to base 8
1
What is 20 (base 3) in base 13?
6
Convert 35 (base 7) to base 16.
1a
-1 (base 7) to base 9
-1
-22a (base 12) to base 10
-322
What is 12 (base 15) in base 8?
21
Convert -21 (base 7) to base 3.
-120
What is 1 (base 5) in base 11?
1
Convert 20 (base 13) to base 12.
22
Convert 2b (base 15) to base 12.
35
Convert 4 (base 6) to base 5.
4
Convert 0 (base 15) to base 11.
0
Convert 138 (base 9) to base 5.
431
12 (base 3) to base 5
10
What is 11 (base 5) in base 3?
20
Convert -231 (base 4) to base 14.
-33
322 (base 5) to base 3
10020
Convert 0 (base 9) to base 14.
0
Convert 0 (base 5) to base 16.
0
-21 (base 3) to base 15
-7
Convert -15 (base 8) to base 5.
-23
What is -14 (base 15) in base 5?
-34
8 (base 15) to base 8
10
What is 2120 (base 3) in base 9?
76
Convert 0 (base 5) to base 9.
0
What is -12 (base 4) in base 3?
-20
What is -451 (base 7) in base 6?
-1024
What is 44 (base 10) in base 3?
1122
-a9 (base 12) to base 8
-201
Convert -17 (base 8) to base 12.
-13
11 (base 6) to base 15
7
What is -a1 (base 11) in base 6?
-303
Convert -5 (base 6) to base 3.
-12
What is 200 (base 5) in base 7?
101
What is -11011 (base 2) in base 7?
-36
Convert -213 (base 4) to base 16.
-27
-17 (base 11) to base 10
-18
-3 (base 13) to base 12
-3
Convert -a0 (base 12) to base 15.
-80
What is -14 (ba